se 2*d = 2*h - 42, -d = 5*h - 2*d - 113. Let n(q) = q**2 + 5*q - 2. What is the remainder when h is divided by n(-7)?
11
Let z(y) = -y + 12. Let j be z(8). Let n = -4 + 16. Suppose n = -j*c + 6*c. Calculate the remainder when 22 is divided by c.
4
Let w(z) = -58*z**2. Let t be w(1). Let j = -33 - t. What is the remainder when j is divided by 13?
12
Suppose -i = 5*k - 29, 0*i - i = -k + 1. Suppose 0 = -k*h + 4*h - 2. What is the remainder when 1/h - (-952)/16 is divided by 15?
14
Suppose -58 + 148 = 3*n. Let g(p) = p**3 - 6*p**2 + 12*p - 5. What is the remainder when n is divided by g(4)?
8
Suppose 0*n + 5*a + 148 = 3*n, -5*a + 16 = n. Calculate the remainder when 156 is divided by n.
33
Suppose 0 = -2*b + 6*b + 20. Calculate the remainder when 42 is divided by ((-165)/(-12))/b*-4.
9
Let a = 191 - 139. Calculate the remainder when a is divided by ((-24)/14)/(6/(-63)).
16
Calculate the remainder when 4*(27/15 - (-2)/10) is divided by 2.
0
Let y be (-1)/(-2)*(2 - 2). Suppose 3*r - 2*r = -4*a + 4, 3*a = y. Let k = -4 - -13. Calculate the remainder when k is divided by r.
1
Let z be 4/(-5)*15/(-2). Let s(a) = -a - 7. Let x be s(-12). Suppose -t = -x - z. Calculate the remainder when t is divided by 6.
5
Suppose 25 = 3*y + 6*u - 4*u, y = -u + 9. Suppose 0*i - 12 = -i. Calculate the remainder when i is divided by y.
5
Calculate the remainder when (0 - 3)*175/(-15) is divided by 12.
11
Suppose 0 = y + 2*r - 32, 5*y - r + 4*r - 125 = 0. Suppose 4*l + 10 = 4*m - 34, 4*l - 12 = -3*m. What is the remainder when y is divided by m?
6
Let p(y) = y + 7. Calculate the remainder when p(14) is divided by 3.
0
Let v(r) = 3*r + 4. Suppose -j = -4*j + 3. Suppose -4*y + u + 95 = 0, -2*y + u + 46 = -j. Calculate the remainder when y is divided by v(3).
11
Suppose 0 = -2*o - 9 + 237. What is the remainder when o is divided by 29?
27
Calculate the remainder when ((-20)/(-15) - 1)*192 is divided by 22.
20
Let l(y) = 4*y - 3*y + 36*y**3 - 2 - 24*y**3. What is the remainder when l(1) is divided by 4?
3
Let w(t) = -2*t**3 - 4*t**2 - t - 3. What is the remainder when w(-3) is divided by 10?
8
Suppose -6*g = -2*g. Let j = 6 - g. Calculate the remainder when 22 is divided by j.
4
Let m(g) = -g**2 - 10*g + 1. Let t be m(-10). Suppose 7 = 2*k + t. Calculate the remainder when k is divided by 3.
0
Let y be (-2)/6 - 92/12. Let j = -6 - y. Let w(l) = -l**3 + 6*l**2 - l + 8. Calculate the remainder when j is divided by w(6).
0
Let s = -10 - -7. Suppose 2*r - 6 = -2, 2*w + 5*r = -12. Let x = s - w. Calculate the remainder when 15 is divided by x.
7
Suppose -2*k + 38 = -0*k. Let d = -146 - -71. Let i = d - -112. Calculate the remainder when i is divided by k.
18
Let s be -3 + (4 - (-4 + 3)). Suppose s*f = -3*f + 160. Let k = -10 - -21. Calculate the remainder when f is divided by k.
10
Suppose 5*k = 3*u - 191, 48 - 297 = -4*u + k. What is the remainder when u is divided by 18?
8
Suppose j + 50 = 3*j - 4*r, 0 = -4*r - 20. What is the remainder when 26 is divided by j?
11
Let m(c) = 4*c**2 - 22*c + 9. Calculate the remainder when 102 is divided by m(6).
18
Let p(s) = 7*s**2 - 13*s + 12. What is the remainder when p(4) is divided by 19?
15
Suppose 4*p + 41 = 3*m, -m - 2*p = -3*m + 26. Calculate the remainder when m is divided by 3.
2
Let u = 28 + -6. Suppose 2*r = -2*o + 3*o - 2, 0 = -3*o - 2*r + u. Let i = -15 + 26. What is the remainder when i is divided by o?
5
Let o(m) = -m**3 - 8*m**2 - 8*m + 8. Calculate the remainder when 40 is divided by o(-7).
10
Suppose -17*i + 13 = -16*i. What is the remainder when i is divided by 4?
1
Let s be (-20)/(-9) - 6/27. Calculate the remainder when 9 is divided by (10/(-6))/(s/(-6)).
4
Suppose -3*o = -9, 0*p + 2*p - 41 = 5*o. Calculate the remainder when p is divided by 10.
8
Let r = 12 + 2. Let z = 43 + -18. What is the remainder when r is divided by 4/(-10) + 210/z?
6
Let v be (1*3)/(1 - 0). Let n be 12 + 3/9*v. Let a = n - 5. What is the remainder when 22 is divided by a?
6
Let h(u) = -u + 12. Let l be h(9). What is the remainder when 2 - -1 - (0 - 1) is divided by (l + -7)*2/(-4)?
0
Let t(a) = 2*a**2 + a + 38. Calculate the remainder when 151 is divided by t(0).
37
Let g = 32 + -31. Let m be 2/(-4)*-2*1. What is the remainder when g is divided by m/(0 + -1 + 2)?
0
Suppose -5*c + 560 = 5*y, -5*y - 6*c + 4*c = -572. Calculate the remainder when y is divided by 24.
20
Suppose -5*v = 7*f - 4*f - 37, -v = 3*f - 5. Suppose -2*h - 102 = -4*c, 2*c = v*h - 3*h + 39. What is the remainder when 52 is divided by c?
25
Let b(p) = 2*p**2 - 4*p - 2*p + 2*p + p + p**3 - 3. Let i be b(4). What is the remainder when (4/6)/(3/i) is divided by 5?
3
Let k(o) = -3*o - 4. Let t be k(-3). Suppose t*u = -12 - 3. Let f = u - -8. Calculate the remainder when 9 is divided by f.
4
Let z = -61 + 39. Let s = 29 - z. What is the remainder when s is divided by 13?
12
Let a = 20 + -9. Calculate the remainder when 41 is divided by a.
8
Let n = -2 - -9. What is the remainder when n is divided by 5?
2
Suppose b = 2, 0*b + 80 = f + 5*b. Calculate the remainder when f is divided by 25.
20
Let x be 91/21 + 1/(-3). Let r be 2/(-7) + 74/14. Suppose -5*l = x*y - 111, 2*y - r*y - 118 = -5*l. Calculate the remainder when 67 is divided by l.
21
Suppose -6*t + 159 = -9. What is the remainder when 111 is divided by t?
27
Let m = -3 + 3. Suppose 15 + m = 3*l. What is the remainder when 7 is divided by l?
2
Let x(v) = -3*v + 14. Calculate the remainder when 6 is divided by x(4).
0
Let y(w) be the second derivative of -1/6*w**3 + 4/5*w**5 - 2*w + 0 + 1/12*w**4 + 0*w**2. What is the remainder when 31 is divided by y(1)?
15
Let r(v) = 2*v**2 + 5*v + 3. Let d be r(-3). Calculate the remainder when d/9 - 14/(-6) is divided by (-2)/(-9) - 16/(-9).
1
Suppose -2*n = n - 174. What is the remainder when n is divided by 15?
13
Let m = -4 - -6. Suppose 6*f + 4*i = 2*f + 64, -m*f - i + 28 = 0. Let w = 22 + 12. What is the remainder when w is divided by f?
10
What is the remainder when (-68)/238 + -1*737/(-7) is divided by 11?
6
Let y(h) = h**3 - 4*h**2 + h - 3. Let r be y(4). Suppose r = f + 2. What is the remainder when 17 is divided by f/(-1) - (-9 - -1)?
8
Let l be -2*14 - 0/(-3). Let f = -11 - l. Calculate the remainder when 66 is divided by f.
15
Let o(z) be the third derivative of z**5/60 - z**4/4 - z**3/6 + 2*z**2. Let p be o(7). What is the remainder when 22 is divided by (-4)/(2 - 15/p)?
6
Let o = 23 + -12. Calculate the remainder when 54 is divided by o.
10
Let q be 3/(2/(0 - -2)). Suppose 10*f - 5*f - 3*i = 293, -f = q*i - 55. Calculate the remainder when f is divided by 20.
18
Calculate the remainder when 85 is divided by 2/(-8) + (-89)/(-4).
19
Suppose 4*o = 8*o - 64. What is the remainder when 62 is divided by o?
14
Let k(x) = x - 6. Let g be k(6). Suppose 5*w - 1329 + 314 = g. Suppose 0 = 5*p - w + 13. Calculate the remainder when p is divided by 13.
12
Let o(c) = c**3 + 10*c**2 + 5*c + 13. Let w be o(-10). Let s = -26 - w. What is the remainder when s is divided by 4?
3
Let i(l) = -l**3 + 5*l**2 - 3. What is the remainder when i(4) is divided by 10?
3
Let q = -10 + 16. Calculate the remainder when 8 is divided by q.
2
Let d(v) = -v**3 - 4*v**2 + 4*v + 5. Let m be d(-5). Let g(k) = m*k - 7*k + 5*k + 5*k + 1. What is the remainder when 26 is divided by g(1)?
12
Let x = 9 - -6. Let h(p) = p. Let s be h(7). Suppose 3*t - 2*z - 14 = 0, -4*t + 2*z + s = -3*z. Calculate the remainder when x is divided by t.
7
Let u be (-1 - 0)/((-1)/1). Let v = u - -4. What is the remainder when 17 is divided by v?
2
Let l(u) = u**2 - 12*u + 8. What is the remainder when l(15) is divided by 14?
11
Suppose 2*f - 1 + 7 = 0, -v - 4*f - 25 = 0. What is the remainder when 36 is divided by v/2*(2 - 4)?
10
Let b(l) = 13*l + 2. Let a(f) = 24*f - 1. Calculate the remainder when b(5) is divided by a(1).
21
Let h(b) = -b**3 + 6*b**2 + 9*b - 2. Suppose 5*j - 8*j = 0. Suppose -3*g = 3*q - j*g - 72, -3*g = 5*q - 118. What is the remainder when q is divided by h(7)?
11
Let z be 1*-1*(19 + -3). Let a be (z/6)/((-4)/(-12)). Let p = a + 22. Calculate the remainder when p is divided by 8.
6
Let l(o) = -o**2 - 10*o + 5. Let s be l(-12). Let j = 28 + s. What is the remainder when 13 is divided by j?
4
Let n(l) = l**3 - 5*l**2 + 2*